79 a multiple of 14?
False
Is 8 a factor of 3960?
True
Is 378 a factor of 4380264?
True
Is 39 a factor of 34086?
True
Is 3277893 a multiple of 10?
False
Is 12 a factor of 153803?
False
Is 1243123 a multiple of 49?
False
Is 19 a factor of 8207221?
True
Does 5 divide 484397?
False
Is 5109282 a multiple of 34?
True
Is 165 a factor of 329175?
True
Is 407 a multiple of 11?
True
Is 41 a factor of 18505981?
False
Is 228154 a multiple of 3?
False
Is 2714250 a multiple of 1175?
True
Does 40 divide 1100844?
False
Is 585 a factor of 15335?
False
Does 1600 divide 6420800?
True
Is 14 a factor of 1438864?
True
Is 548 a factor of 3416780?
True
Is 7 a factor of 944450?
False
Is 4599710 a multiple of 10?
True
Is 462 a factor of 770332?
False
Does 388 divide 84972?
True
Does 1727 divide 13681725?
False
Is 70735 a multiple of 235?
True
Is 200 a factor of 314600?
True
Does 230 divide 689540?
True
Is 3507741 a multiple of 10?
False
Is 35 a factor of 11580196?
False
Is 350 a factor of 301700?
True
Does 9 divide 12730?
False
Does 13 divide 985402?
False
Is 289390 a multiple of 99?
False
Does 41 divide 14664511?
True
Is 272 a factor of 3686146?
False
Is 871042 a multiple of 457?
True
Is 715138 a multiple of 53?
False
Is 17182667 a multiple of 120?
False
Is 546967 a multiple of 55?
False
Does 662 divide 3801866?
True
Is 55264 a multiple of 3?
False
Is 219029 a multiple of 47?
False
Does 19 divide 4470?
False
Is 43 a factor of 51600?
True
Is 969296 a multiple of 232?
True
Does 9 divide 377019?
True
Is 131 a factor of 25938?
True
Is 864 a multiple of 3?
True
Does 450 divide 66640?
False
Does 4 divide 3677?
False
Is 2896326 a multiple of 853?
False
Does 2 divide 57070?
True
Does 16 divide 3261232?
True
Is 400680 a multiple of 140?
True
Is 2216097 a multiple of 1457?
True
Is 895 a factor of 4415035?
True
Is 20866575 a multiple of 11?
False
Is 51 a factor of 157830?
False
Is 673998 a multiple of 24?
False
Does 67 divide 1670696?
False
Is 100 a factor of 82525?
False
Is 228883 a multiple of 12?
False
Is 237 a factor of 3478449?
True
Is 19 a factor of 1457170?
False
Is 17117 a multiple of 6?
False
Is 749102 a multiple of 194?
False
Is 166 a factor of 191189?
False
Does 49 divide 1911?
True
Is 1371600 a multiple of 11?
False
Does 32 divide 3257320?
False
Is 543 a factor of 2173680?
False
Is 189 a factor of 1551501?
True
Does 216 divide 5388120?
True
Does 7 divide 205436?
True
Is 2905066 a multiple of 113?
False
Is 53 a factor of 407224?
False
Does 13 divide 1582541?
False
Is 81 a factor of 219609?
False
Does 32 divide 7993829?
False
Is 116 a factor of 2480207?
False
Is 13844300 a multiple of 10?
True
Is 337 a factor of 2334062?
True
Is 4 a factor of 120674?
False
Is 100 a factor of 9240300?
True
Is 40 a factor of 3107957?
False
Is 116610 a multiple of 78?
True
Is 171706 a multiple of 85?
False
Does 3 divide 61613?
False
Does 4 divide 740708?
True
Is 2818600 a multiple of 68?
True
Does 982 divide 3193464?
True
Is 52656 a multiple of 4?
True
Is 49044 a multiple of 201?
True
Is 363703 a multiple of 15?
False
Does 15 divide 125175?
True
Is 4602761 a multiple of 141?
False
Is 142400 a multiple of 200?
True
Does 11 divide 371195?
True
Does 33 divide 81444?
True
Is 97 a factor of 2263248?
False
Does 87 divide 712791?
True
Is 9 a factor of 494550?
True
Does 4 divide 1898956?
True
Is 2889620 a multiple of 149?
False
Is 180 a factor of 318269?
False
Is 62 a factor of 4415578?
True
Is 625772 a multiple of 56?
False
Is 85 a factor of 2998766?
False
Is 28386343 a multiple of 47?
False
Is 19 a factor of 313392?
False
Is 6011520 a multiple of 404?
True
Is 18 a factor of 610362?
True
Is 146616 a multiple of 434?
False
Does 2 divide 24436?
True
Is 15 a factor of 11880?
True
Is 247 a factor of 4644588?
True
Does 164 divide 384416?
True
Is 2409963 a multiple of 59?
False
Is 28 a factor of 251426?
False
Is 28 a factor of 295419?
False
Does 70 divide 1437622?
False
Is 414 a factor of 495972?
True
Is 144 a factor of 266112?
True
Is 207156 a multiple of 96?
False
Is 186 a factor of 541765?
False
Is 115 a factor of 285609?
False
Is 4760694 a multiple of 18?
True
Does 32 divide 56718?
False
Is 1568 a factor of 319872?
True
Is 378015 a multiple of 15?
True
Is 513 a factor of 652412?
False
Is 25650 a multiple of 19?
True
Does 112 divide 547232?
True
Is 7448040 a multiple of 20?
True
Does 2 divide 360600?
True
Is 181583 a multiple of 13?
False
Is 3409008 a multiple of 232?
True
Does 91 divide 83902?
True
Is 130 a factor of 2895490?
True
Does 56 divide 131544?
True
Is 58 a factor of 350204?
True
Is 13 a factor of 87139?
True
Does 255 divide 108375?
True
Is 52122 a multiple of 17?
True
Is 14331812 a multiple of 10?
False
Does 71 divide 1428520?
True
Is 78 a factor of 327227?
False
Does 89 divide 15575?
True
Is 40596 a multiple of 199?
True
Does 5 divide 4292790?
True
Does 94 divide 2799168?
False
Is 1211810 a multiple of 8?
False
Is 458328 a multiple of 78?
True
Is 36 a factor of 298944?
True
Is 320 a factor of 547840?
True
Is 94 a factor of 5109370?
True
Does 8 divide 10512?
True
Is 408 a factor of 50837?
False
Is 8 a factor of 890648?
True
Does 430 divide 3360450?
True
Is 76 a factor of 5996777?
False
Is 2 a factor of 189498?
True
Does 234 divide 458172?
True
Is 440534 a multiple of 3?
False
Is 123 a factor of 7679?
False
Is 11 a factor of 14879271?
True
Does 6 divide 65412?
True
Does 5 divide 129?
False
Does 27 divide 181419?
False
Is 108295 a multiple of 55?
True
Does 13 divide 177021?
True
Is 1229544 a multiple of 242?
False
Is 142650 a multiple of 25?
True
Is 92 a factor of 38322?
False
Does 3 divide 121617?
True
Is 9 a factor of 11042517?
False
Does 48 divide 185949?
False
Is 418617 a multiple of 21?
False
Does 27 divide 552510?
False
Is 10 a factor of 572790?
True
Does 19 divide 31905?
False
Is 67 a factor of 653684?
False
Does 349 divide 14260948?
False
Is 44992 a multiple of 141?
False
Does 292 divide 499921?
False
Is 1712697 a multiple of 1337?
True
Does 147 divide 18929810?
False
Is 96 a factor of 44872?
False
Is 230 a factor of 5502060?
True
Is 29 a factor of 402047?
False
Does 548 divide 2282968?
True
Does 182 divide 159761?
False
Does 19 divide 10763140?
False
Does 17 divide 1157921?
True
Is 26559 a multiple of 13?
True
Is 28 a factor of 7176660?
False
Does 149 divide 196084?
True
Is 555336 a multiple of 324?
True
Is 117447 a multiple of 84?
False
Is 897982 a multiple of 41?
True
Does 406 divide 58464?
True
Is 18741090 a multiple of 10?
True
Is 14 a factor of 2170770?
True
Is 20134800 a multiple of 2350?
True
Does 84 divide 340788?
True
Is 3459952 a multiple of 94?
True
Is 61 a factor of 12496?
False
Is 151 a factor of 192890?
False
Does 23 divide 372669?
True
Is 2225479 a multiple of 707?
False
Does 6 divide 178079?
False
Is 99 a factor of 124047?
True
Is 35 a factor of 16520?
True
Does 4 divide 606324?
True
Is 57 a factor of 2019339?
True
Is 13 a factor of 95212?
True
Does 242 divide 148830?
True
Is 481172 a multiple of 24?
False
Does 7 divide 912836?
False
Is 7 a factor of 3329025?
True
Is 25818 a multiple of 6?
True
Does 13 divide 626600?
True
Is 102 a factor of 725479?
False
Is 1087 a factor of 10510266?
False
Does 2 divide 1339936?
True
Does 9 divide 2117387?
False
Does 45 divide 113265?
True
Is 660820 a multiple of 655?
False
Does 11 divide 275106?
False
Does 324 divide 609518?
False
Is 5924196 a multiple of 86?
True
Does 484 divide 331444?
False
Is 149 a factor of 703453?
False
Is 65775 a multiple of 5?
True
Is 3193637 a multiple of 18?
False
Does 603 divide 1107711?
True
Is 954344 a multiple of 17?
False
Is 17 a factor of 52112?
False
Does 12 divide 1068576?
True
Is 9128 a multiple of 14?
True
Is 182256 a multiple of 128?
False
Is 54 a factor of 262054?
False
Does 114 divide 225689?
False
Is 104 a factor of 5266200?
False
Is 1213584 a multiple of 24?
True
Does 71 divide 1100145?
True
Does 18 divide 514620?
True
Is 173 a factor of 105357?
True
Does 11 divide 35508?
True
Is 134 a factor of 161738?
True
Is 253800 a multiple of 108?
True
Is 3 a factor of 6015?
True
Is 23 a factor of 510009?
False
Is 1179 a factor of 11632729?
False
Does 1256 divide 17087880?
True
Does 15 divide 2108893?
False
Is 12467 a multiple of 137?
True
Is 59 a factor of 7689588?
True
Does 45 divide 10289?
Fa